{"id":86,"date":"2019-09-09T16:38:58","date_gmt":"2019-09-09T16:38:58","guid":{"rendered":"http:\/\/itifistas.edu.co\/itif\/?page_id=86"},"modified":"2025-02-20T15:56:48","modified_gmt":"2025-02-20T15:56:48","slug":"consejo-estudiantil","status":"publish","type":"page","link":"https:\/\/itifistas.edu.co\/itif\/index.php\/gobierno-escolar\/consejo-estudiantil\/","title":{"rendered":"Consejo Estudiantil"},"content":{"rendered":"<p>Es el m\u00e1ximo \u00f3rgano colegiado que asegura y garantiza el continuo ejercicio de la participaci\u00f3n por parte de los educandos. Est\u00e1 integrado por un vocero de cada uno de los grados ofrecidos por el establecimiento. Los alumnos del nivel preescolar y de los tres primeros grados del ciclo de primaria, ser\u00e1n convocados a una asamblea conjunta para elegir a un vocero \u00fanico entre los estudiantes que cursan el tercer grado.<\/p>\n<p>Corresponde al consejo de estudiantes:<\/p>\n<ol>\n<li>Darse su organizaci\u00f3n interna.<\/li>\n<li>Elegir el representante de los estudiantes ante el Consejo Directivo del Instituto y asesorar en el cumplimiento de su representaci\u00f3n.<\/li>\n<li>Invitar a sus deliberaciones a los estudiantes que presenten iniciativas sobre el desarrollo de la vida estudiantil.<\/li>\n<li>Proponer actividades y colaborar en el desarrollo de proyectos institucionales.<\/li>\n<li>Evaluar y proponer cambios en pol\u00edticas de la Instituci\u00f3n.<\/li>\n<li>Motivar al estudiantado a tomar conciencia de sus derechos y deberes y a expresar sus inquietudes.<\/li>\n<li>Manejar una cartelera especial para la comunicaci\u00f3n con los estudiantes de cada jornada de la Instituci\u00f3n.<\/li>\n<li>Las dem\u00e1s actividades afines para el normal funcionamiento institucional.<\/li>\n<\/ol>\n","protected":false},"excerpt":{"rendered":"<p>Es el m\u00e1ximo \u00f3rgano colegiado que asegura y garantiza el continuo ejercicio de la participaci\u00f3n por parte de los educandos. Est\u00e1 integrado por un vocero de cada uno de los grados ofrecidos por el establecimiento. Los alumnos del nivel preescolar y de los tres primeros grados del ciclo de primaria, ser\u00e1n convocados a una asamblea&hellip;<\/p>\n","protected":false},"author":1,"featured_media":0,"parent":63,"menu_order":4,"comment_status":"closed","ping_status":"closed","template":"","meta":[],"_links":{"self":[{"href":"https:\/\/itifistas.edu.co\/itif\/index.php\/wp-json\/wp\/v2\/pages\/86"}],"collection":[{"href":"https:\/\/itifistas.edu.co\/itif\/index.php\/wp-json\/wp\/v2\/pages"}],"about":[{"href":"https:\/\/itifistas.edu.co\/itif\/index.php\/wp-json\/wp\/v2\/types\/page"}],"author":[{"embeddable":true,"href":"https:\/\/itifistas.edu.co\/itif\/index.php\/wp-json\/wp\/v2\/users\/1"}],"replies":[{"embeddable":true,"href":"https:\/\/itifistas.edu.co\/itif\/index.php\/wp-json\/wp\/v2\/comments?post=86"}],"version-history":[{"count":3,"href":"https:\/\/itifistas.edu.co\/itif\/index.php\/wp-json\/wp\/v2\/pages\/86\/revisions"}],"predecessor-version":[{"id":3345,"href":"https:\/\/itifistas.edu.co\/itif\/index.php\/wp-json\/wp\/v2\/pages\/86\/revisions\/3345"}],"up":[{"embeddable":true,"href":"https:\/\/itifistas.edu.co\/itif\/index.php\/wp-json\/wp\/v2\/pages\/63"}],"wp:attachment":[{"href":"https:\/\/itifistas.edu.co\/itif\/index.php\/wp-json\/wp\/v2\/media?parent=86"}],"curies":[{"name":"wp","href":"https:\/\/api.w.org\/{rel}","templated":true}]}}