{"id":83,"date":"2019-09-09T16:38:28","date_gmt":"2019-09-09T16:38:28","guid":{"rendered":"http:\/\/itifistas.edu.co\/itif\/?page_id=83"},"modified":"2023-04-28T23:16:22","modified_gmt":"2023-04-28T23:16:22","slug":"consejo-academico","status":"publish","type":"page","link":"https:\/\/itifistas.edu.co\/itif\/index.php\/gobierno-escolar\/consejo-academico\/","title":{"rendered":"Consejo Acad\u00e9mico"},"content":{"rendered":"<div id=\"pl-83\"  class=\"panel-layout\" ><div id=\"pg-83-0\"  class=\"panel-grid panel-no-style\" ><div id=\"pgc-83-0-0\"  class=\"panel-grid-cell\" ><div id=\"panel-83-0-0-0\" class=\"so-panel widget widget_sow-editor panel-first-child\" data-index=\"0\" ><div class=\"so-widget-sow-editor so-widget-sow-editor-base\">\n<div class=\"siteorigin-widget-tinymce textwidget\">\n\t<h1 style=\"text-align: center;\">CONSEJO ACAD\u00c9MICO<\/h1>\n<p>Instancia que participa en la Orientaci\u00f3n Pedag\u00f3gica de la instituci\u00f3n conformada por el Rector quien lo preside o su delegado, los directivos docentes y un docente por cada \u00e1rea definida en el plan de estudios.<\/p>\n<\/div>\n<\/div><\/div><div id=\"panel-83-0-0-1\" class=\"so-panel widget widget_sow-editor panel-last-child\" data-index=\"1\" ><div class=\"so-widget-sow-editor so-widget-sow-editor-base\">\n<div class=\"siteorigin-widget-tinymce textwidget\">\n\t<h4>FUNCIONES DEL CONSEJO ACAD\u00c9MICO:<\/h4>\n<ol>\n<li>Servir de \u00f3rgano consultor del Consejo Directivo en la revisi\u00f3n de la propuesta del Proyecto Educativo Institucional, del acuerdo de evaluaci\u00f3n y promoci\u00f3n.<\/li>\n<li>Estudiar el curr\u00edculo y propiciar su continuo mejoramiento, introduciendo las modificaciones y ajustes de acuerdo con el plan de mejoramiento anual.<\/li>\n<li>Organizar el Plan de estudios y orientar su ejecuci\u00f3n.<\/li>\n<li>Participar en la Evaluaci\u00f3n Institucional Anual.<\/li>\n<li>Integrar el Consejo de Docentes para la evaluaci\u00f3n peri\u00f3dica del rendimiento de los estudiantes y para la promoci\u00f3n, asignarles funciones y supervisar el proceso general de evaluaci\u00f3n<\/li>\n<li>Recibir y decidir los reglamentos de los estudiantes sobre evaluaci\u00f3n educativa.<\/li>\n<li>Propiciar el debate acad\u00e9mico y convivencial que redunde en el mejoramiento de la calidad de la educaci\u00f3n en el instituto.<\/li>\n<li>Analizar permanentemente los resultados de las evaluaciones internas y externas (pruebas saber de quinto, noveno y once y proponer acciones para el mejoramiento del proceso ense\u00f1anza aprendizaje.<\/li>\n<li>Las dem\u00e1s funciones afines o reglamentarias que le atribuyan el PEI de la Instituci\u00f3n.<\/li>\n<\/ol>\n<\/div>\n<\/div><\/div><\/div><\/div><\/div>","protected":false},"excerpt":{"rendered":"<p>CONSEJO ACAD\u00c9MICO Instancia que participa en la Orientaci\u00f3n Pedag\u00f3gica de la instituci\u00f3n conformada por el Rector quien lo preside o su delegado, los directivos docentes y un docente por cada \u00e1rea definida en el plan de estudios. FUNCIONES DEL CONSEJO ACAD\u00c9MICO: Servir de \u00f3rgano consultor del Consejo Directivo en la revisi\u00f3n de la propuesta del&hellip;<\/p>\n","protected":false},"author":1,"featured_media":0,"parent":63,"menu_order":3,"comment_status":"closed","ping_status":"closed","template":"","meta":[],"_links":{"self":[{"href":"https:\/\/itifistas.edu.co\/itif\/index.php\/wp-json\/wp\/v2\/pages\/83"}],"collection":[{"href":"https:\/\/itifistas.edu.co\/itif\/index.php\/wp-json\/wp\/v2\/pages"}],"about":[{"href":"https:\/\/itifistas.edu.co\/itif\/index.php\/wp-json\/wp\/v2\/types\/page"}],"author":[{"embeddable":true,"href":"https:\/\/itifistas.edu.co\/itif\/index.php\/wp-json\/wp\/v2\/users\/1"}],"replies":[{"embeddable":true,"href":"https:\/\/itifistas.edu.co\/itif\/index.php\/wp-json\/wp\/v2\/comments?post=83"}],"version-history":[{"count":10,"href":"https:\/\/itifistas.edu.co\/itif\/index.php\/wp-json\/wp\/v2\/pages\/83\/revisions"}],"predecessor-version":[{"id":1129,"href":"https:\/\/itifistas.edu.co\/itif\/index.php\/wp-json\/wp\/v2\/pages\/83\/revisions\/1129"}],"up":[{"embeddable":true,"href":"https:\/\/itifistas.edu.co\/itif\/index.php\/wp-json\/wp\/v2\/pages\/63"}],"wp:attachment":[{"href":"https:\/\/itifistas.edu.co\/itif\/index.php\/wp-json\/wp\/v2\/media?parent=83"}],"curies":[{"name":"wp","href":"https:\/\/api.w.org\/{rel}","templated":true}]}}