{"id":50,"date":"2019-09-09T16:22:16","date_gmt":"2019-09-09T16:22:16","guid":{"rendered":"http:\/\/itifistas.edu.co\/itif\/?page_id=50"},"modified":"2023-08-17T13:58:36","modified_gmt":"2023-08-17T13:58:36","slug":"historia","status":"publish","type":"page","link":"https:\/\/itifistas.edu.co\/itif\/index.php\/colegio\/historia\/","title":{"rendered":"Historia"},"content":{"rendered":"<div id=\"pl-50\"  class=\"panel-layout\" ><div id=\"pg-50-0\"  class=\"panel-grid panel-no-style\" ><div id=\"pgc-50-0-0\"  class=\"panel-grid-cell\" ><div id=\"panel-50-0-0-0\" class=\"so-panel widget widget_sow-editor panel-first-child panel-last-child\" data-index=\"0\" ><div class=\"so-widget-sow-editor so-widget-sow-editor-base\">\n<div class=\"siteorigin-widget-tinymce textwidget\">\n\t<h1 style=\"text-align: center;\">INSTITUCI\u00d3N EDUCATIVA MUNICIPAL INSTITUTO T\u00c9CNICO INDUSTRIAL DE FACATATIV\u00c1<\/h1>\n<ul>\n<li>El d\u00eda 8 de mayo de 1943, el doctor Abelardo Forero Benavides, Gobernador del Departamento de Cundinamarca, coloc\u00f3 la primera piedra para el edificio ubicado en la carrera 5\u00aa No. 9-45, dando vida la Escuela de Artes y Oficios \u201cMariano Ospina Rodr\u00edguez\u201d, ofreciendo en ese entonces las especialidades de zapater\u00eda, modister\u00eda, peluquer\u00eda, entre otras, nombre con el que figur\u00f3 hasta el a\u00f1o 1958.<\/li>\n<li>Luego se adicionaron las especialidades de, mec\u00e1nica industrial y electricidad. En 1959 se llam\u00f3 \u201cEscuela Superior de Artes y Oficios\u201d y en 1965 empez\u00f3 a llam\u00e1rsele \u201cEscuela Industrial\u201d que otorgaba a sus alumnos el t\u00edtulo de EXPERTOS; \u00e9poca \u00e9sta en la cual funcionaba el internado para alumnos oriundos de otros municipios o regiones.<\/li>\n<li>En diciembre de 1967 el ICCE (Instituto Colombiano de Construcciones Escolares) entreg\u00f3 dos (2) bloques para los talleres, en un lote contiguo a las Piedras del Tunjo; diez a\u00f1os m\u00e1s tarde, el mismo ICCE dotar\u00eda las especialidades con algunas de las cuales se cuenta en la actualidad: DIBUJO T\u00c9CNICO, METALMECANICA, MECANICA AUTOMOTRIZ, ELECTRICIDAD,EBANISTERIA Y ELECTR\u00d3NICA; a partir de 1974 se le llama INSTITUTO T\u00c9CNICO INDUSTRIAL DE FACATATIV\u00c1,<\/li>\n<li>Otorga el t\u00edtulo de Bachiller T\u00e9cnico aprobado por Resoluci\u00f3n No. 9672 del 26 de noviembre de 1974, emanada por el Ministerio de Educaci\u00f3n Nacional, resoluci\u00f3n que fue modificada una vez se produjo el proceso de municipalizaci\u00f3n.<\/li>\n<li>En el a\u00f1o de 1999, mediante resoluci\u00f3n 001474 del 16 de diciembre y de acuerdo con lo establecido en la Ley 115 de 1.994, a la instituci\u00f3n se le anexa las instituciones RAFAEL POMBO, PUEBLO VIEJO, y un programa de inclusi\u00f3n SECUNDAR\u00cdA ACTIVA, que permite el acceso de ni\u00f1os en extra edad o reinicio de grado; la primera funciona en el \u00e1rea urbana y la segunda y tercera en la parte rural, sedes en las cuales se desarrolla la b\u00e1sica primaria, el grado cero y los grados requeridos por una u otra poblaci\u00f3n.<\/li>\n<\/ul>\n<\/div>\n<\/div><\/div><\/div><\/div><div id=\"pg-50-1\"  class=\"panel-grid panel-no-style\" ><div id=\"pgc-50-1-0\"  class=\"panel-grid-cell\" ><div id=\"panel-50-1-0-0\" class=\"so-panel widget widget_sow-editor panel-first-child panel-last-child\" data-index=\"1\" ><div class=\"so-widget-sow-editor so-widget-sow-editor-base\">\n<div class=\"siteorigin-widget-tinymce textwidget\">\n\t<h3 style=\"text-align: center;\">La rector\u00eda ha sido desempe\u00f1ada por:<\/h3>\n<table class=\"aligncenter\" style=\"height: 449px; width: 85.5976%; border-collapse: collapse; border-color: #009045; background-color: #ededed; border-style: dotted;\" border=\"1\">\n<tbody>\n<tr style=\"height: 25px;\">\n<td style=\"width: 33.8097%; height: 25px;\">\u00a0 ISMAEL BOHORQUEZ MEDINA<\/td>\n<td style=\"width: 161.668%; height: 25px;\">\u00a0Primer rector, estuvo en forma ininterrumpida hasta 1950.<\/td>\n<\/tr>\n<tr style=\"height: 49px;\">\n<td style=\"width: 33.8097%; height: 49px;\">\u00a0 JOSUE RIVEROS PABON<\/td>\n<td style=\"width: 161.668%; height: 49px;\">\u00a0De 1951 a 1952, m\u00e1s tarde ser\u00eda Jefe de la Secci\u00f3n Industrial del Ministerio de Educaci\u00f3n Nacional.<\/td>\n<\/tr>\n<tr style=\"height: 25px;\">\n<td style=\"width: 33.8097%; height: 25px;\">\u00a0 VIDAL MEDELLIN ROMERO<\/td>\n<td style=\"width: 161.668%; height: 25px;\">\u00a01953 a 1956<\/td>\n<\/tr>\n<tr style=\"height: 25px;\">\n<td style=\"width: 33.8097%; height: 25px;\">\u00a0 ATANASIO AGUDELO<\/td>\n<td style=\"width: 161.668%; height: 25px;\">\u00a0 1957<\/td>\n<\/tr>\n<tr style=\"height: 25px;\">\n<td style=\"width: 33.8097%; height: 25px;\">\u00a0 GONZALO VILLAMIZAR ANDRADE<\/td>\n<td style=\"width: 161.668%; height: 25px;\">\u00a0 1958<\/td>\n<\/tr>\n<tr style=\"height: 25px;\">\n<td style=\"width: 33.8097%; height: 25px;\">\u00a0 ARTURO SOLER RIVERA<\/td>\n<td style=\"width: 161.668%; height: 25px;\">\u00a0 1959 a 1966<\/td>\n<\/tr>\n<tr style=\"height: 25px;\">\n<td style=\"width: 33.8097%; height: 25px;\">\u00a0 JORGE HUMBERTO VARGAS R.<\/td>\n<td style=\"width: 161.668%; height: 25px;\">\u00a0 1967 y 1974 a octubre de 1984<\/td>\n<\/tr>\n<tr style=\"height: 25px;\">\n<td style=\"width: 33.8097%; height: 25px;\">\u00a0 LORENZO JARA AFANADOR<\/td>\n<td style=\"width: 161.668%; height: 25px;\">\u00a0 1968 a 1969<\/td>\n<\/tr>\n<tr style=\"height: 25px;\">\n<td style=\"width: 33.8097%; height: 25px;\">\u00a0 AVELINO GARCIA RINCON<\/td>\n<td style=\"width: 161.668%; height: 25px;\">\u00a0 1970 a 1973<\/td>\n<\/tr>\n<tr style=\"height: 25px;\">\n<td style=\"width: 33.8097%; height: 25px;\">\u00a0 HUGO VALENZUELA TRIVI\u00d1O<\/td>\n<td style=\"width: 161.668%; height: 25px;\">\u00a0 1984 a 1991<\/td>\n<\/tr>\n<tr style=\"height: 25px;\">\n<td style=\"width: 33.8097%; height: 25px;\">\u00a0 JAIME ROZO MORENO<\/td>\n<td style=\"width: 161.668%; height: 25px;\">\u00a0 1991 a 1998<\/td>\n<\/tr>\n<tr style=\"height: 25px;\">\n<td style=\"width: 33.8097%; height: 25px;\">\u00a0 JESUS ALFONSO ROA HERNANDEZ<\/td>\n<td style=\"width: 161.668%; height: 25px;\">\u00a0 1998 \u2013 2005<\/td>\n<\/tr>\n<tr style=\"height: 25px;\">\n<td style=\"width: 33.8097%; height: 25px;\">\u00a0 MART\u00cdN REN\u00c9 SI\u00c1BATO LOZANO<\/td>\n<td style=\"width: 161.668%; height: 25px;\">\u00a0 2006 a 2022<\/td>\n<\/tr>\n<tr style=\"height: 25px;\">\n<td style=\"width: 33.8097%; height: 25px;\">\u00a0 GUSTAVO ADOLFO LOZANO<\/td>\n<td style=\"width: 161.668%; height: 25px;\">\u00a0 Un periodo de 2022<\/td>\n<\/tr>\n<tr style=\"height: 25px;\">\n<td style=\"width: 33.8097%; height: 25px;\">\u00a0 LUZ ASTRID PRIETO ROJAS<\/td>\n<td style=\"width: 161.668%; height: 25px;\">\u00a0 2022 - Actualmente<\/td>\n<\/tr>\n<\/tbody>\n<\/table>\n<p style=\"text-align: center;\">\n<\/p><\/div>\n<\/div><\/div><\/div><\/div><div id=\"pg-50-2\"  class=\"panel-grid panel-no-style\" ><div id=\"pgc-50-2-0\"  class=\"panel-grid-cell\" ><div id=\"panel-50-2-0-0\" class=\"so-panel widget widget_sow-editor panel-first-child\" data-index=\"2\" ><div class=\"so-widget-sow-editor so-widget-sow-editor-base\">\n<div class=\"siteorigin-widget-tinymce textwidget\">\n\t<p>La Instituci\u00f3n se enmarca dentro del bachillerato t\u00e9cnico seg\u00fan lo estipulado en el art\u00edculo 208 de la Ley General de Educaci\u00f3n, en el cual se expresa que:<\/p>\n<blockquote>\n<p>Los Institutos T\u00e9cnicos y los Institutos de Educaci\u00f3n Media Diversificada- INEM, existentes en la actualidad, conservar\u00e1n su car\u00e1cter y podr\u00e1n incorporar a la ense\u00f1anza en sus establecimientos la educaci\u00f3n media t\u00e9cnica, de conformidad con lo establecido en la presente ley y su reglamentaci\u00f3n.<\/p>\n<\/blockquote>\n<\/div>\n<\/div><\/div><div id=\"panel-50-2-0-1\" class=\"so-panel widget widget_sow-editor panel-last-child\" data-index=\"3\" ><div class=\"so-widget-sow-editor so-widget-sow-editor-base\">\n<div class=\"siteorigin-widget-tinymce textwidget\">\n\t<p><font size=4><center><strong>RESE\u00d1AS HIST\u00d3RICAS. <\/strong><\/center><\/font><br \/>\nLas siguientes rese\u00f1as institucionales han sido elaboradas por nuestro Ex-alumno<em><strong> Handerson Aldayr Buitrago Avenda\u00f1o<\/strong><\/em> PROM 2017, a quien extendemos y manifestamos toda nuestra gratitud y exaltamos su sentido de pertenencia y amor por su instituci\u00f3n.<\/p>\n<p>El siguiente documento es una rese\u00f1a hist\u00f3rica institucional, \u00e9sta permite conocer en detalle los sucesos que nos llevan a obtener el reconocimiento y gran acogida de nuestra poblaci\u00f3n.<\/p>\n<a href=\"https:\/\/itifistas.edu.co\/itif\/wp-content\/uploads\/2023\/08\/Resena-historica-institucional-ITIF-80-ANOS-2023_compressed.pdf\" class=\"pdfemb-viewer\" style=\"\" data-width=\"max\" data-height=\"max\"  data-toolbar=\"bottom\" data-toolbar-fixed=\"off\">Rese\u00f1a historica institucional ITIF 80 A\u00d1OS 2023_compressed<br\/><\/a>\n<ul>\n<li><\/li>\n<\/ul>\n<p>Puede consultar la trayectoria de la Instituci\u00f3n en el archivo relacionado a continuaci\u00f3n denominado \"Escuela Ancestral\".<\/p>\n<a href=\"https:\/\/itifistas.edu.co\/itif\/wp-content\/uploads\/2023\/08\/ESCUELA-ANCESTRAL-100-itif.pdf\" class=\"pdfemb-viewer\" style=\"\" data-width=\"max\" data-height=\"max\"  data-toolbar=\"bottom\" data-toolbar-fixed=\"off\">ESCUELA ANCESTRAL 100 ITIF<br\/><\/a>\n<ul>\n<li><\/li>\n<\/ul>\n<p>En nuestra amplia trayectoria y en busca de brindar una educaci\u00f3n de calidad y fomentar el desarrollo integral de nuestros estudiantes, es un honor presentar a los l\u00edderes pedag\u00f3gicos y rectores que han guiado con pasi\u00f3n y compromiso al ITIF.<\/p>\n<a href=\"https:\/\/itifistas.edu.co\/itif\/wp-content\/uploads\/2023\/08\/ITIF-80-ANOS-LIDERES-PEDAGOGOS-RECTORES-2023-14-03-1.pdf\" class=\"pdfemb-viewer\" style=\"\" data-width=\"max\" data-height=\"max\"  data-toolbar=\"bottom\" data-toolbar-fixed=\"off\">ITIF 80 A\u00d1OS-L\u00cdDERES PEDAGOGOS RECTORES-2023-14-03 (1)<br\/><\/a>\n<ul>\n<li><\/li>\n<\/ul>\n<p>Al igual que los elementos anteriores, el siguiente documento evidencia el resultado de grandes aportes y\u00a0 esfuerzos\u00a0 los cuales han construido los cimientos de nuestras especialidades t\u00e9cnicas.<\/p>\n<a href=\"https:\/\/itifistas.edu.co\/itif\/wp-content\/uploads\/2023\/08\/ITIF-80-ANOS-ESP.-TECNICAS-2023-09.pdf\" class=\"pdfemb-viewer\" style=\"\" data-width=\"max\" data-height=\"max\"  data-toolbar=\"bottom\" data-toolbar-fixed=\"off\">ITIF 80 A\u00d1OS-ESP. T\u00c9CNICAS-2023-09<br\/><\/a>\n<ul>\n<li><\/li>\n<\/ul>\n<p>&nbsp;<\/p>\n<\/div>\n<\/div><\/div><\/div><\/div><\/div>","protected":false},"excerpt":{"rendered":"<p>INSTITUCI\u00d3N EDUCATIVA MUNICIPAL INSTITUTO T\u00c9CNICO INDUSTRIAL DE FACATATIV\u00c1 El d\u00eda 8 de mayo de 1943, el doctor Abelardo Forero Benavides, Gobernador del Departamento de Cundinamarca, coloc\u00f3 la primera piedra para el edificio ubicado en la carrera 5\u00aa No. 9-45, dando vida la Escuela de Artes y Oficios \u201cMariano Ospina Rodr\u00edguez\u201d, ofreciendo en ese entonces las&hellip;<\/p>\n","protected":false},"author":1,"featured_media":0,"parent":48,"menu_order":1,"comment_status":"closed","ping_status":"closed","template":"","meta":[],"_links":{"self":[{"href":"https:\/\/itifistas.edu.co\/itif\/index.php\/wp-json\/wp\/v2\/pages\/50"}],"collection":[{"href":"https:\/\/itifistas.edu.co\/itif\/index.php\/wp-json\/wp\/v2\/pages"}],"about":[{"href":"https:\/\/itifistas.edu.co\/itif\/index.php\/wp-json\/wp\/v2\/types\/page"}],"author":[{"embeddable":true,"href":"https:\/\/itifistas.edu.co\/itif\/index.php\/wp-json\/wp\/v2\/users\/1"}],"replies":[{"embeddable":true,"href":"https:\/\/itifistas.edu.co\/itif\/index.php\/wp-json\/wp\/v2\/comments?post=50"}],"version-history":[{"count":53,"href":"https:\/\/itifistas.edu.co\/itif\/index.php\/wp-json\/wp\/v2\/pages\/50\/revisions"}],"predecessor-version":[{"id":1419,"href":"https:\/\/itifistas.edu.co\/itif\/index.php\/wp-json\/wp\/v2\/pages\/50\/revisions\/1419"}],"up":[{"embeddable":true,"href":"https:\/\/itifistas.edu.co\/itif\/index.php\/wp-json\/wp\/v2\/pages\/48"}],"wp:attachment":[{"href":"https:\/\/itifistas.edu.co\/itif\/index.php\/wp-json\/wp\/v2\/media?parent=50"}],"curies":[{"name":"wp","href":"https:\/\/api.w.org\/{rel}","templated":true}]}}

<div id="pl-50"  class="panel-layout" ><div id="pg-50-0"  class="panel-grid panel-no-style" ><div id="pgc-50-0-0"  class="panel-grid-cell" ><div id="panel-50-0-0-0" class="so-panel widget widget_sow-editor panel-first-child panel-last-child" data-index="0" ><div class="so-widget-sow-editor so-widget-sow-editor-base">
<div class="siteorigin-widget-tinymce textwidget">
	<h1 style="text-align: center;">INSTITUCIÓN EDUCATIVA MUNICIPAL INSTITUTO TÉCNICO INDUSTRIAL DE FACATATIVÁ</h1>
<ul>
<li>El día 8 de mayo de 1943, el doctor Abelardo Forero Benavides, Gobernador del Departamento de Cundinamarca, colocó la primera piedra para el edificio ubicado en la carrera 5ª No. 9-45, dando vida la Escuela de Artes y Oficios “Mariano Ospina Rodríguez”, ofreciendo en ese entonces las especialidades de zapatería, modistería, peluquería, entre otras, nombre con el que figuró hasta el año 1958.</li>
<li>Luego se adicionaron las especialidades de, mecánica industrial y electricidad. En 1959 se llamó “Escuela Superior de Artes y Oficios” y en 1965 empezó a llamársele “Escuela Industrial” que otorgaba a sus alumnos el título de EXPERTOS; época ésta en la cual funcionaba el internado para alumnos oriundos de otros municipios o regiones.</li>
<li>En diciembre de 1967 el ICCE (Instituto Colombiano de Construcciones Escolares) entregó dos (2) bloques para los talleres, en un lote contiguo a las Piedras del Tunjo; diez años más tarde, el mismo ICCE dotaría las especialidades con algunas de las cuales se cuenta en la actualidad: DIBUJO TÉCNICO, METALMECANICA, MECANICA AUTOMOTRIZ, ELECTRICIDAD,EBANISTERIA Y ELECTRÓNICA; a partir de 1974 se le llama INSTITUTO TÉCNICO INDUSTRIAL DE FACATATIVÁ,</li>
<li>Otorga el título de Bachiller Técnico aprobado por Resolución No. 9672 del 26 de noviembre de 1974, emanada por el Ministerio de Educación Nacional, resolución que fue modificada una vez se produjo el proceso de municipalización.</li>
<li>En el año de 1999, mediante resolución 001474 del 16 de diciembre y de acuerdo con lo establecido en la Ley 115 de 1.994, a la institución se le anexa las instituciones RAFAEL POMBO, PUEBLO VIEJO, y un programa de inclusión SECUNDARÍA ACTIVA, que permite el acceso de niños en extra edad o reinicio de grado; la primera funciona en el área urbana y la segunda y tercera en la parte rural, sedes en las cuales se desarrolla la básica primaria, el grado cero y los grados requeridos por una u otra población.</li>
</ul>
</div>
</div></div></div></div><div id="pg-50-1"  class="panel-grid panel-no-style" ><div id="pgc-50-1-0"  class="panel-grid-cell" ><div id="panel-50-1-0-0" class="so-panel widget widget_sow-editor panel-first-child panel-last-child" data-index="1" ><div class="so-widget-sow-editor so-widget-sow-editor-base">
<div class="siteorigin-widget-tinymce textwidget">
	<h3 style="text-align: center;">La rectoría ha sido desempeñada por:</h3>
<table class="aligncenter" style="height: 449px; width: 85.5976%; border-collapse: collapse; border-color: #009045; background-color: #ededed; border-style: dotted;" border="1">
<tbody>
<tr style="height: 25px;">
<td style="width: 33.8097%; height: 25px;">  ISMAEL BOHORQUEZ MEDINA</td>
<td style="width: 161.668%; height: 25px;"> Primer rector, estuvo en forma ininterrumpida hasta 1950.</td>
</tr>
<tr style="height: 49px;">
<td style="width: 33.8097%; height: 49px;">  JOSUE RIVEROS PABON</td>
<td style="width: 161.668%; height: 49px;"> De 1951 a 1952, más tarde sería Jefe de la Sección Industrial del Ministerio de Educación Nacional.</td>
</tr>
<tr style="height: 25px;">
<td style="width: 33.8097%; height: 25px;">  VIDAL MEDELLIN ROMERO</td>
<td style="width: 161.668%; height: 25px;"> 1953 a 1956</td>
</tr>
<tr style="height: 25px;">
<td style="width: 33.8097%; height: 25px;">  ATANASIO AGUDELO</td>
<td style="width: 161.668%; height: 25px;">  1957</td>
</tr>
<tr style="height: 25px;">
<td style="width: 33.8097%; height: 25px;">  GONZALO VILLAMIZAR ANDRADE</td>
<td style="width: 161.668%; height: 25px;">  1958</td>
</tr>
<tr style="height: 25px;">
<td style="width: 33.8097%; height: 25px;">  ARTURO SOLER RIVERA</td>
<td style="width: 161.668%; height: 25px;">  1959 a 1966</td>
</tr>
<tr style="height: 25px;">
<td style="width: 33.8097%; height: 25px;">  JORGE HUMBERTO VARGAS R.</td>
<td style="width: 161.668%; height: 25px;">  1967 y 1974 a octubre de 1984</td>
</tr>
<tr style="height: 25px;">
<td style="width: 33.8097%; height: 25px;">  LORENZO JARA AFANADOR</td>
<td style="width: 161.668%; height: 25px;">  1968 a 1969</td>
</tr>
<tr style="height: 25px;">
<td style="width: 33.8097%; height: 25px;">  AVELINO GARCIA RINCON</td>
<td style="width: 161.668%; height: 25px;">  1970 a 1973</td>
</tr>
<tr style="height: 25px;">
<td style="width: 33.8097%; height: 25px;">  HUGO VALENZUELA TRIVIÑO</td>
<td style="width: 161.668%; height: 25px;">  1984 a 1991</td>
</tr>
<tr style="height: 25px;">
<td style="width: 33.8097%; height: 25px;">  JAIME ROZO MORENO</td>
<td style="width: 161.668%; height: 25px;">  1991 a 1998</td>
</tr>
<tr style="height: 25px;">
<td style="width: 33.8097%; height: 25px;">  JESUS ALFONSO ROA HERNANDEZ</td>
<td style="width: 161.668%; height: 25px;">  1998 – 2005</td>
</tr>
<tr style="height: 25px;">
<td style="width: 33.8097%; height: 25px;">  MARTÍN RENÉ SIÁBATO LOZANO</td>
<td style="width: 161.668%; height: 25px;">  2006 a 2022</td>
</tr>
<tr style="height: 25px;">
<td style="width: 33.8097%; height: 25px;">  GUSTAVO ADOLFO LOZANO</td>
<td style="width: 161.668%; height: 25px;">  Un periodo de 2022</td>
</tr>
<tr style="height: 25px;">
<td style="width: 33.8097%; height: 25px;">  LUZ ASTRID PRIETO ROJAS</td>
<td style="width: 161.668%; height: 25px;">  2022 - Actualmente</td>
</tr>
</tbody>
</table>
<p style="text-align: center;">
</p></div>
</div></div></div></div><div id="pg-50-2"  class="panel-grid panel-no-style" ><div id="pgc-50-2-0"  class="panel-grid-cell" ><div id="panel-50-2-0-0" class="so-panel widget widget_sow-editor panel-first-child" data-index="2" ><div class="so-widget-sow-editor so-widget-sow-editor-base">
<div class="siteorigin-widget-tinymce textwidget">
	<p>La Institución se enmarca dentro del bachillerato técnico según lo estipulado en el artículo 208 de la Ley General de Educación, en el cual se expresa que:</p>
<blockquote>
<p>Los Institutos Técnicos y los Institutos de Educación Media Diversificada- INEM, existentes en la actualidad, conservarán su carácter y podrán incorporar a la enseñanza en sus establecimientos la educación media técnica, de conformidad con lo establecido en la presente ley y su reglamentación.</p>
</blockquote>
</div>
</div></div><div id="panel-50-2-0-1" class="so-panel widget widget_sow-editor panel-last-child" data-index="3" ><div class="so-widget-sow-editor so-widget-sow-editor-base">
<div class="siteorigin-widget-tinymce textwidget">
	<p><font size=4><center><strong>RESEÑAS HISTÓRICAS. </strong></center></font><br />
Las siguientes reseñas institucionales han sido elaboradas por nuestro Ex-alumno<em><strong> Handerson Aldayr Buitrago Avendaño</strong></em> PROM 2017, a quien extendemos y manifestamos toda nuestra gratitud y exaltamos su sentido de pertenencia y amor por su institución.</p>
<p>El siguiente documento es una reseña histórica institucional, ésta permite conocer en detalle los sucesos que nos llevan a obtener el reconocimiento y gran acogida de nuestra población.</p>
<a href="https://itifistas.edu.co/itif/wp-content/uploads/2023/08/Resena-historica-institucional-ITIF-80-ANOS-2023_compressed.pdf" class="pdfemb-viewer" style="" data-width="max" data-height="max"  data-toolbar="bottom" data-toolbar-fixed="off">Reseña historica institucional ITIF 80 AÑOS 2023_compressed<br/></a>
<ul>
<li></li>
</ul>
<p>Puede consultar la trayectoria de la Institución en el archivo relacionado a continuación denominado "Escuela Ancestral".</p>
<a href="https://itifistas.edu.co/itif/wp-content/uploads/2023/08/ESCUELA-ANCESTRAL-100-itif.pdf" class="pdfemb-viewer" style="" data-width="max" data-height="max"  data-toolbar="bottom" data-toolbar-fixed="off">ESCUELA ANCESTRAL 100 ITIF<br/></a>
<ul>
<li></li>
</ul>
<p>En nuestra amplia trayectoria y en busca de brindar una educación de calidad y fomentar el desarrollo integral de nuestros estudiantes, es un honor presentar a los líderes pedagógicos y rectores que han guiado con pasión y compromiso al ITIF.</p>
<a href="https://itifistas.edu.co/itif/wp-content/uploads/2023/08/ITIF-80-ANOS-LIDERES-PEDAGOGOS-RECTORES-2023-14-03-1.pdf" class="pdfemb-viewer" style="" data-width="max" data-height="max"  data-toolbar="bottom" data-toolbar-fixed="off">ITIF 80 AÑOS-LÍDERES PEDAGOGOS RECTORES-2023-14-03 (1)<br/></a>
<ul>
<li></li>
</ul>
<p>Al igual que los elementos anteriores, el siguiente documento evidencia el resultado de grandes aportes y  esfuerzos  los cuales han construido los cimientos de nuestras especialidades técnicas.</p>
<a href="https://itifistas.edu.co/itif/wp-content/uploads/2023/08/ITIF-80-ANOS-ESP.-TECNICAS-2023-09.pdf" class="pdfemb-viewer" style="" data-width="max" data-height="max"  data-toolbar="bottom" data-toolbar-fixed="off">ITIF 80 AÑOS-ESP. TÉCNICAS-2023-09<br/></a>
<ul>
<li></li>
</ul>
<p>&nbsp;</p>
</div>
</div></div></div></div></div>

<p>INSTITUCIÓN EDUCATIVA MUNICIPAL INSTITUTO TÉCNICO INDUSTRIAL DE FACATATIVÁ El día 8 de mayo de 1943, el doctor Abelardo Forero Benavides, Gobernador del Departamento de Cundinamarca, colocó la primera piedra para el edificio ubicado en la carrera 5ª No. 9-45, dando vida la Escuela de Artes y Oficios “Mariano Ospina Rodríguez”, ofreciendo en ese entonces las&hellip;</p>
