{"id":154,"date":"2019-09-09T18:24:09","date_gmt":"2019-09-09T18:24:09","guid":{"rendered":"http:\/\/itifistas.edu.co\/itif\/?page_id=154"},"modified":"2026-01-22T16:52:15","modified_gmt":"2026-01-22T16:52:15","slug":"primaria","status":"publish","type":"page","link":"https:\/\/itifistas.edu.co\/itif\/index.php\/primaria\/","title":{"rendered":"\ud83c\udf04Pueblo Viejo."},"content":{"rendered":"<div id=\"pl-154\"  class=\"panel-layout\" ><div id=\"pg-154-0\"  class=\"panel-grid panel-no-style\" ><div id=\"pgc-154-0-0\"  class=\"panel-grid-cell\" ><div id=\"panel-154-0-0-0\" class=\"so-panel widget widget_sow-editor panel-first-child panel-last-child\" data-index=\"0\" ><div class=\"so-widget-sow-editor so-widget-sow-editor-base\">\n<div class=\"siteorigin-widget-tinymce textwidget\">\n\t<ul>\n<li>La sede rural Pueblo Viejo queda a 15 minutos de la zona urbana del Municipio de Facatativ\u00e1.<\/li>\n<li>Esta sede est\u00e1 anexa al Instituto T\u00e9cnico Industrial de Facatativ\u00e1 desde el a\u00f1o 2009.<\/li>\n<li>Ofrece jornada \u00fanica y personalizada en los niveles de Preescolar y B\u00e1sica Primaria.<\/li>\n<li>La sede posee una amplia infraestructura con 3 aulas de clases, aula de inform\u00e1tica, biblioteca, restaurante escolar, \u00e1rea de juegos y amplias zonas verdes; creando as\u00ed condiciones favorables para el desarrollo de actividades acad\u00e9micas, culturales y deportivas indispensables para fortalecer el desarrollo del aprendizaje de los estudiantes.<\/li>\n<\/ul>\n<p><script src=\"chrome-extension:\/\/lopnbnfpjmgpbppclhclehhgafnifija\/aiscripts\/script-main.js\"><\/script><\/p>\n<p><script src=\"chrome-extension:\/\/lopnbnfpjmgpbppclhclehhgafnifija\/aiscripts\/script-main.js\"><\/script><\/p>\n<div id=\"ag-1755013747161\"><\/div>\n<div class=\"host-lopnbnfpjmgpbppclhclehhgafnifija\" style=\"position: relative; z-index: 2147483647;\"><\/div>\n<\/div>\n<\/div><\/div><\/div><div id=\"pgc-154-0-1\"  class=\"panel-grid-cell\" ><div id=\"panel-154-0-1-0\" class=\"so-panel widget widget_sow-editor panel-first-child panel-last-child\" data-index=\"1\" ><div class=\"so-widget-sow-editor so-widget-sow-editor-base\">\n<div class=\"siteorigin-widget-tinymce textwidget\">\n\t<ul>\n<li>La sede cuenta con tres docentes de aula: Edith Estrada Alarc\u00f3n quien orienta los grados Preescolar y primero.Wilson Herrera Guti\u00e9rrez orienta grados segundo y tercero. Hernando Sanabria Herrera orienta grados cuarto y quinto.<\/li>\n<li>Contamos con el acompa\u00f1amiento de un docente de Educaci\u00f3n F\u00edsica del Instituto de Recreaci\u00f3n y Deportes de la Alcald\u00eda municipal de Facatativ\u00e1.<\/li>\n<li>Contamos con el acompa\u00f1amiento de un docente de Formaci\u00f3n en M\u00fasica de la Casa de la Cultura de la Alcald\u00eda municipal de Facatativ\u00e1.<\/li>\n<\/ul>\n<p><script src=\"chrome-extension:\/\/lopnbnfpjmgpbppclhclehhgafnifija\/aiscripts\/script-main.js\"><\/script><\/p>\n<div id=\"ag-1755013295127\"><\/div>\n<p><script src=\"chrome-extension:\/\/lopnbnfpjmgpbppclhclehhgafnifija\/aiscripts\/script-main.js\"><\/script><\/p>\n<div id=\"ag-1755015012027\"><\/div>\n<div class=\"host-lopnbnfpjmgpbppclhclehhgafnifija\" style=\"position: relative; z-index: 2147483647;\"><\/div>\n<\/div>\n<\/div><\/div><\/div><\/div><div id=\"pg-154-1\"  class=\"panel-grid panel-no-style\" ><div id=\"pgc-154-1-0\"  class=\"panel-grid-cell\" ><div id=\"panel-154-1-0-0\" class=\"so-panel widget widget_sow-editor panel-first-child panel-last-child\" data-index=\"2\" ><div class=\"so-widget-sow-editor so-widget-sow-editor-base\">\n<div class=\"siteorigin-widget-tinymce textwidget\">\n\t\r\n<style>\r\n.hybgl-metro-154-1 .hybgl-prl1-double-bounce1,\r\n.hybgl-metro-154-1 .hybgl-prl1-double-bounce2,\r\n.hybgl-metro-154-1 .hybgl-prl2-spinner,\r\n.hybgl-metro-154-1 .hybgl-prl3-spinner > div,\r\n.hybgl-metro-154-1 .hybgl-prl4-sk-folding-cube .hybgl-prl4-sk-cube:before,\r\n.hybgl-metro-154-1 .hybgl-prl5-cube1, .hybgl-prl5-cube2,\r\n.hybgl-metro-154-1 .hybgl-prl6-dot1, .hybgl-prl6-dot2,\r\n.hybgl-metro-154-1 .hybgl-prl7-spinner > div,\r\n.hybgl-metro-154-1 .hybgl-prl8-sk-circle .hybgl-prl8-sk-child:before,\r\n.hybgl-metro-154-1 .hybgl-prl9-sk-cube-grid .hybgl-prl9-sk-cube,\r\n.hybgl-metro-154-1 .hybgl-prl10-pacman>div:nth-child(3),\r\n.hybgl-metro-154-1 .hybgl-prl10-pacman>div:nth-child(4),\r\n.hybgl-metro-154-1 .hybgl-prl10-pacman>div:nth-child(5),\r\n.hybgl-metro-154-1 .hybgl-prl10-pacman>div:nth-child(6),\r\n.hybgl-metro-154-1.hybgl-style-1 .hybgl-button i,\r\n.hybgl-metro-154-1.hybgl-style-1 .hybgl-item-meta,\r\n.hybgl-metro-154-1.hybgl-style-3 .hybgl-item-inner:before,\r\n.hybgl-metro-154-1 .hybgl-filter-label:hover,\r\n.hybgl-metro-154-1 .hybgl-filter-label-active,\r\n.hybgl-metro-154-1 .hybgl-filter-label:before {\r\n    background: #b90000;\r\n}\r\n\r\n.hybgl-metro-154-1 .hybgl-pagin-num-page:hover,\r\n.hybgl-metro-154-1 .hybgl-pagin-cs-page:hover,\r\n.hybgl-metro-154-1.hybgl-style-2.hybgl-buttons-show .hybgl-item-inner:before {\r\n    background: #b90000;\r\n    background: rgba(185,0,0,0.5);\r\n}\r\n\r\n.hybgl-metro-154-1 .hybgl-prl10-pacman>div:first-of-type,\r\n.hybgl-metro-154-1 .hybgl-prl10-pacman>div:nth-child(2) {\r\n    border-top-color: #b90000;\r\n    border-left-color: #b90000;\r\n    border-bottom-color: #b90000;\r\n}\r\n\r\n.hybgl-metro-154-1 .hybgl-filter-label,\r\n.hybgl-metro-154-1 .hybgl-pagin-num-page:hover,\r\n.hybgl-metro-154-1 .hybgl-pagin-cs-page:hover {\r\n    border-color: #b90000;\r\n}\r\n\r\n.hybgl-metro-154-1 .hybgl-filter-label,\r\n.hybgl-metro-154-1.hybgl-style-2.hybgl-click-action-lb-link .hybgl-button i:hover,\r\n.hybgl-metro-154-1.hybgl-style-3 .hybgl-button i,\r\n.hybgl-metro-154-1.hybgl-style-4 .hybgl-button i,\r\n.hybgl-metro-154-1.hybgl-style-4 .hybgl-item-meta .hybgl-item-meta-title {\r\n    color: #b90000;\r\n}\r\n\r\n.hybgl-metro-154-1 .hybgl-filter-label:hover,\r\n.hybgl-metro-154-1 .hybgl-filter-label-active {\r\n    color: #fff;\r\n}\r\n\r\n.hybgl-metro-154-1 .hybgl-filter-label-active:before {\r\n    background: #fff;\r\n}\r\n<\/style>\r\n\r\n<!-- Start Hybrid Gallery --><div class=\"hybgl-box hybgl-mode-grid hybgl-layout-metro hybgl-size-equal hybgl-lightbox hybgl-lightbox-lib-mp hybgl-click-action-lb hybgl-style-1 hybgl-buttons-hide hybgl-extra-animation hybgl-metro-154-1 hybgl-clearfix\" data-id=\"154\" data-selector=\"hybgl-metro-154-1\" data-mode=\"isotope\" data-layout=\"metro\" data-metro-style=\"1\" data-size=\"equal\" data-cols=\"3\" data-gap-x=\"10\" data-gap-y=\"10\" data-ratio=\"1-1\" data-lightbox=\"mp\" data-style=\"1\" data-animation=\"fadeInUp\" data-loader-delay=\"300\" data-design=\"{#w_vl#:#100#,#w_un#:#pc#,#align#:#none#}\" data-res=\"{#1024#:{#w#:#auto#,#w_vl#:#100#,#w_un#:#pc#,#cols#:#auto#,#align#:#auto#},#800#:{#w#:#auto#,#w_vl#:#100#,#w_un#:#pc#,#cols#:#auto#,#align#:#auto#},#768#:{#w#:#auto#,#w_vl#:#100#,#w_un#:#pc#,#cols#:#auto#,#align#:#auto#},#600#:{#w#:#auto#,#w_vl#:#100#,#w_un#:#pc#,#cols#:#auto#,#align#:#auto#},#480#:{#w#:#auto#,#w_vl#:#100#,#w_un#:#pc#,#cols#:#auto#,#align#:#auto#}}\"><div class=\"hybgl-loader hybgl-loader-center hybgl-clearfix hybgl-prl1-bounce-loader\"><div class=\"hybgl-prl1-spinner\"><div class=\"hybgl-prl1-double-bounce1\"><\/div><div class=\"hybgl-prl1-double-bounce2\"><\/div><\/div><\/div><div class=\"hybgl-wrapper hybgl-clearfix\"><div class=\"hybgl-container hybgl-clearfix\"><div class=\"hybgl-item\" data-w=\"1600\" data-h=\"1231\"><div class=\"hybgl-item-wrapper\"><div class=\"hybgl-item-overlay\"><div class=\"hybgl-item-overlay-inner\"><div class=\"hybgl-item-inner\" style=\"background-image:url(https:\/\/itifistas.edu.co\/itif\/wp-content\/uploads\/2026\/01\/WhatsApp-Image-2026-01-21-at-7.17.11-PM-1-1280x985.jpeg);\"><\/div><\/div><\/div><a class=\"hybgl-button hybgl-button-action-zoom hybgl-button-style-full mfp-image\" href=\"https:\/\/itifistas.edu.co\/itif\/wp-content\/uploads\/2026\/01\/WhatsApp-Image-2026-01-21-at-7.17.11-PM-1.jpeg\" title=\"WhatsApp Image 2026-01-21 at 7.17.11 PM (1)\" data-descr=\"\"><\/a><\/div><\/div><div class=\"hybgl-item\" data-w=\"1600\" data-h=\"773\"><div class=\"hybgl-item-wrapper\"><div class=\"hybgl-item-overlay\"><div class=\"hybgl-item-overlay-inner\"><div class=\"hybgl-item-inner\" style=\"background-image:url(https:\/\/itifistas.edu.co\/itif\/wp-content\/uploads\/2026\/01\/WhatsApp-Image-2026-01-21-at-7.17.11-PM-1280x618.jpeg);\"><\/div><\/div><\/div><a class=\"hybgl-button hybgl-button-action-zoom hybgl-button-style-full mfp-image\" href=\"https:\/\/itifistas.edu.co\/itif\/wp-content\/uploads\/2026\/01\/WhatsApp-Image-2026-01-21-at-7.17.11-PM.jpeg\" title=\"WhatsApp Image 2026-01-21 at 7.17.11 PM\" data-descr=\"\"><\/a><\/div><\/div><div class=\"hybgl-item\" data-w=\"1599\" data-h=\"992\"><div class=\"hybgl-item-wrapper\"><div class=\"hybgl-item-overlay\"><div class=\"hybgl-item-overlay-inner\"><div class=\"hybgl-item-inner\" style=\"background-image:url(https:\/\/itifistas.edu.co\/itif\/wp-content\/uploads\/2026\/01\/WhatsApp-Image-2026-01-21-at-7.17.11-PM-3-1280x794.jpeg);\"><\/div><\/div><\/div><a class=\"hybgl-button hybgl-button-action-zoom hybgl-button-style-full mfp-image\" href=\"https:\/\/itifistas.edu.co\/itif\/wp-content\/uploads\/2026\/01\/WhatsApp-Image-2026-01-21-at-7.17.11-PM-3.jpeg\" title=\"WhatsApp Image 2026-01-21 at 7.17.11 PM (3)\" data-descr=\"\"><\/a><\/div><\/div><div class=\"hybgl-item\" data-w=\"1288\" data-h=\"966\"><div class=\"hybgl-item-wrapper\"><div class=\"hybgl-item-overlay\"><div class=\"hybgl-item-overlay-inner\"><div class=\"hybgl-item-inner\" style=\"background-image:url(https:\/\/itifistas.edu.co\/itif\/wp-content\/uploads\/2026\/01\/WhatsApp-Image-2026-01-21-at-7.17.12-PM-1280x960.jpeg);\"><\/div><\/div><\/div><a class=\"hybgl-button hybgl-button-action-zoom hybgl-button-style-full mfp-image\" href=\"https:\/\/itifistas.edu.co\/itif\/wp-content\/uploads\/2026\/01\/WhatsApp-Image-2026-01-21-at-7.17.12-PM.jpeg\" title=\"WhatsApp Image 2026-01-21 at 7.17.12 PM\" data-descr=\"\"><\/a><\/div><\/div><div class=\"hybgl-item\" data-w=\"1600\" data-h=\"768\"><div class=\"hybgl-item-wrapper\"><div class=\"hybgl-item-overlay\"><div class=\"hybgl-item-overlay-inner\"><div class=\"hybgl-item-inner\" style=\"background-image:url(https:\/\/itifistas.edu.co\/itif\/wp-content\/uploads\/2026\/01\/WhatsApp-Image-2026-01-21-at-7.17.11-PM-2-1280x614.jpeg);\"><\/div><\/div><\/div><a class=\"hybgl-button hybgl-button-action-zoom hybgl-button-style-full mfp-image\" href=\"https:\/\/itifistas.edu.co\/itif\/wp-content\/uploads\/2026\/01\/WhatsApp-Image-2026-01-21-at-7.17.11-PM-2.jpeg\" title=\"WhatsApp Image 2026-01-21 at 7.17.11 PM (2)\" data-descr=\"\"><\/a><\/div><\/div><\/div><\/div><\/div><!-- End Hybrid Gallery -->\n<div class=\"host-lopnbnfpjmgpbppclhclehhgafnifija\" style=\"position: relative; z-index: 2147483647;\"><\/div>\n<\/div>\n<\/div><\/div><\/div><\/div><\/div>","protected":false},"excerpt":{"rendered":"<p>La sede rural Pueblo Viejo queda a 15 minutos de la zona urbana del Municipio de Facatativ\u00e1. Esta sede est\u00e1 anexa al Instituto T\u00e9cnico Industrial de Facatativ\u00e1 desde el a\u00f1o 2009. Ofrece jornada \u00fanica y personalizada en los niveles de Preescolar y B\u00e1sica Primaria. La sede posee una amplia infraestructura con 3 aulas de clases,&hellip;<\/p>\n","protected":false},"author":1,"featured_media":4556,"parent":0,"menu_order":0,"comment_status":"closed","ping_status":"closed","template":"","meta":[],"_links":{"self":[{"href":"https:\/\/itifistas.edu.co\/itif\/index.php\/wp-json\/wp\/v2\/pages\/154"}],"collection":[{"href":"https:\/\/itifistas.edu.co\/itif\/index.php\/wp-json\/wp\/v2\/pages"}],"about":[{"href":"https:\/\/itifistas.edu.co\/itif\/index.php\/wp-json\/wp\/v2\/types\/page"}],"author":[{"embeddable":true,"href":"https:\/\/itifistas.edu.co\/itif\/index.php\/wp-json\/wp\/v2\/users\/1"}],"replies":[{"embeddable":true,"href":"https:\/\/itifistas.edu.co\/itif\/index.php\/wp-json\/wp\/v2\/comments?post=154"}],"version-history":[{"count":14,"href":"https:\/\/itifistas.edu.co\/itif\/index.php\/wp-json\/wp\/v2\/pages\/154\/revisions"}],"predecessor-version":[{"id":4579,"href":"https:\/\/itifistas.edu.co\/itif\/index.php\/wp-json\/wp\/v2\/pages\/154\/revisions\/4579"}],"wp:featuredmedia":[{"embeddable":true,"href":"https:\/\/itifistas.edu.co\/itif\/index.php\/wp-json\/wp\/v2\/media\/4556"}],"wp:attachment":[{"href":"https:\/\/itifistas.edu.co\/itif\/index.php\/wp-json\/wp\/v2\/media?parent=154"}],"curies":[{"name":"wp","href":"https:\/\/api.w.org\/{rel}","templated":true}]}}